2)?
2
Let w(p) = -13*p + 10. Determine w(1).
-3
Let x(r) = -25*r + 33. What is x(7)?
-142
Let c(j) = -j**3 - 30*j**2 - 55*j + 24. Determine c(-28).
-4
Let m(l) = l**2 - 2*l - 4. Give m(3).
-1
Let x(k) = -9*k - 55. Give x(-6).
-1
Let w(v) = -9*v + 2. Determine w(4).
-34
Let m(f) = -f**3 + 16*f**2 - 13*f - 37. Determine m(15).
-7
Let l(k) = -3*k + 12. Calculate l(10).
-18
Let m(f) = f + 18. Give m(14).
32
Let p(t) = t**3 - 39*t**2 + 38*t + 26. Give p(38).
26
Let d(g) = g**3 - 8*g**2 - 9*g + 2. Determine d(9).
2
Let n(j) = 29*j**3 + j. Give n(-1).
-30
Let f(l) = -l**2 + 7*l - 3. Give f(7).
-3
Let j(r) = 6*r - 243. Give j(40).
-3
Let k(y) = y**3 + 7*y**2 + 9*y + 5. Calculate k(-5).
10
Let m(r) = -53*r**3 - 2*r**2 + 2*r + 1. Calculate m(1).
-52
Let u(r) = 13*r**3 + r**2 + r - 3. Calculate u(1).
12
Let v(l) = l**2 - l - 1. Give v(2).
1
Let o(h) = 2*h - 11. Give o(9).
7
Let j(a) = a**2 + 6*a - 15. Give j(-7).
-8
Let y(c) = -c - 32. Give y(-1).
-31
Let k(z) = -7*z - 77. What is k(-21)?
70
Let a(z) = 21*z + 1. Determine a(-2).
-41
Let g(c) = -c**3 - 7*c**2 - c - 7. Determine g(-7).
0
Let p(r) = -r**2 - 33*r - 225. Give p(-25).
-25
Let s(l) = -l**3 + 21*l**2 + l - 11. Give s(21).
10
Let f(r) = -2*r**2 - 2*r - 4. Determine f(-2).
-8
Let r(n) = n**3 - 6*n**2 + 2*n - 4. Determine r(6).
8
Let b(p) = p**2 + 116*p + 758. What is b(-7)?
-5
Let k(y) = -y**3 - 8*y**2 + 4*y - 36. Calculate k(-9).
9
Let s(n) = -2*n - 78. What is s(-25)?
-28
Let h(n) = n**3 - 7*n**2 - 9*n + 2. What is h(8)?
-6
Let d(n) = n**2 + 34*n + 24. Give d(-30).
-96
Let o(v) = v**3 + 5*v**2 - 6*v - 9. Give o(-6).
-9
Let h(g) = 4*g + 2. Give h(4).
18
Let w(n) = -n**2 - 49*n + 103. What is w(-51)?
1
Let v(q) = -2*q**2 - 21*q - 13. Determine v(-9).
14
Let z(t) = -49*t - 7. Give z(-1).
42
Let z(q) = q**2 - q - 6. Determine z(5).
14
Let r(p) = 15*p**3 + p**2 - 15*p + 13. Give r(1).
14
Let x(b) = -29*b**2. What is x(-1)?
-29
Let h(i) = i**2 + 7*i - 11. Calculate h(-8).
-3
Let r(f) = f + 6. What is r(6)?
12
Let r(c) = 2*c**2 - 19*c - 31. Calculate r(9).
-40
Let j(g) = g**3 - 14*g**2 - 71*g - 26. Give j(18).
-8
Let z(i) = -i**2 + 98*i - 884. Determine z(10).
-4
Let a(z) = -z**3 + 10*z**2 + 3*z - 9. Calculate a(9).
99
Let p(m) = -3*m + 14. Give p(1).
11
Let r(h) = h**3 + 20*h**2 - 18*h + 51. Calculate r(-21).
-12
Let x(l) = -l**3 - 7*l**2 + 15*l + 10. Calculate x(-8).
-46
Let v(z) = -12*z**2 - 2*z + 1. Determine v(1).
-13
Let k(x) = -x**3 + 6*x**2 + 5*x - 24. Give k(2).
2
Let v(p) = -p - 6. Give v(0).
-6
Let a(l) = -l**3 - 14*l**2 - 4*l - 54. Calculate a(-14).
2
Let y(a) = 6*a - 9. Calculate y(3).
9
Let i(k) = -2*k**3 - 59*k**2 - 30*k - 37. What is i(-29)?
-8
Let u(q) = q**3 + 8*q**2 - 11*q - 8. Determine u(-9).
10
Let p(j) = j - 1. What is p(5)?
4
Let p(y) = -y**2 + 5*y + 2. Calculate p(5).
2
Let t(c) = c**3 - c**2 - 4. Determine t(-3).
-40
Let c(b) = -7*b**2 + 16*b - 2. Give c(1).
7
Let x(h) = -h**2 + 6*h - 25. Calculate x(5).
-20
Let w(o) = -o**3 + 5*o**2 + 16*o - 17. Give w(7).
-3
Let j(o) = -2*o**3 + 15*o**2 - 10*o - 8. Calculate j(7).
-29
Let y(f) = -f**3 - 3*f**2 - 4*f - 55. What is y(-5)?
15
Let o(s) = 20*s. Give o(2).
40
Let z(h) = h**2 - 36*h + 218. Calculate z(8).
-6
Let x(l) = l**3 + 16*l**2 + 16*l - 25. Give x(-15).
-40
Let w(z) = -z**3 - 8*z**2 - 3*z - 4. Calculate w(-6).
-58
Let l(x) = -x**2 + 5*x + 24. Give l(-3).
0
Let t(u) = -u - 1. Calculate t(0).
-1
Let u(b) = -b**2 - 7*b + 6. Calculate u(8).
-114
Let h(x) = -3*x**2 - 22*x. Give h(-7).
7
Let h(j) = -2*j**2 - 20*j - 11. What is h(-8)?
21
Let w(q) = 44*q - 520. Give w(12).
8
Let w(t) = t**2 - 21*t + 123. What is w(13)?
19
Let g(i) = -i**3 + 9*i**2 - 17*i + 18. Give g(7).
-3
Let v(d) = -d**3 + 2*d**2 + 3*d - 2. What is v(-2)?
8
Let z(q) = -q**2 + 16*q - 12. Determine z(11).
43
Let s(r) = r**2 - 27*r + 10. Calculate s(26).
-16
Let w(h) = -h**2 + 12*h + 7. Give w(13).
-6
Let a(l) = -4*l - 62. Give a(-16).
2
Let q(y) = y**2 + 8*y - 3. Determine q(-5).
-18
Let o(f) = -f**2 - 4*f + 4. Calculate o(5).
-41
Let r(v) = 13*v - 17. What is r(2)?
9
Let s(j) = -2*j**3 - j**2 - j - 2. Determine s(-2).
12
Let h(l) = l**3 - 8*l**2 + 15*l - 23. What is h(6)?
-5
Let f(z) = -45*z**3 + 3*z**2 + 3*z + 1. What is f(-1)?
46
Let y(r) = -r - 11. Determine y(0).
-11
Let m(u) = u**3 + 6*u**2 - 16*u - 10. Calculate m(-8).
-10
Let x(a) = a**2 - 5*a + 7. Give x(4).
3
Let d(y) = y**3 + 4*y**2 + 5. Determine d(-4).
5
Let w(l) = l**2 - 42*l + 324. Calculate w(33).
27
Let a(p) = 9*p - 112. Determine a(12).
-4
Let n(g) = -g**3 + 8*g**2 - 6*g + 1. What is n(6)?
37
Let y(k) = -20*k + 98. Determine y(5).
-2
Let p(m) = m**3 - 8*m**2 - 151*m - 37. What is p(17)?
-3
Let g(f) = -12*f**2 - 4*f + 4. Determine g(-3).
-92
Let x(c) = -c**2 - 3*c - 3. What is x(-3)?
-3
Let t(x) = x**2 - x - 35. What is t(-6)?
7
Let a(v) = 2*v**3 - 7*v**2 - 17*v. What is a(5)?
-10
Let z(a) = a**3 - 15*a**2 + 15*a - 29. Determine z(14).
-15
Let y(k) = k**3 - 15*k**2 + 16*k - 18. What is y(14)?
10
Let y(d) = 2*d**3 + 38*d**2 - 38*d + 45. What is y(-20)?
5
Let i(g) = g - 8. Determine i(8).
0
Let l(t) = -t**2 - 8*t - 3. Calculate l(-3).
12
Let c(i) = -i**3 + 9*i**2 - i - 24. Calculate c(8).
32
Let i(f) = -f**3 - 4*f**2 + 14. Calculate i(-6).
86
Let x(n) = -49*n - 434. What is x(-9)?
7
Let t(l) = -l**2 - 12*l + 21. What is t(-14)?
-7
Let y(m) = -m**2 + 60*m + 392. Determine y(66).
-4
Let a(m) = m**3 + 10*m**2 - 2*m + 9. Give a(-10).
29
Let v(o) = -o**2 - 6*o - 3. Determine v(-5).
2
Let o(s) = -s**3 + 6*s**2 - 2*s - 6. Calculate o(5).
9
Let r(k) = k**3 + 6*k**2 + 2*k + 6. What is r(-6)?
-6
Let l(d) = d**3 + 2*d**2 - 7*d - 2. Determine l(2).
0
Let h(i) = 3*i**2 + 22*i + 10. What is h(-7)?
3
Let r(y) = 5*y. Give r(1).
5
Let d(w) = 3*w + 10. What is d(4)?
22
Let m(w) = -w**2 + 14*w - 22. Determine m(10).
18
Let i(g) = 2*g**2 - 38*g + 80. Calculate i(17).
12
Let z(d) = -50*d - 696. Calculate z(-14).
4
Let j(a) = -a**3 + 10*a**2 - 16*a + 14. What is j(9)?
-49
Let k(p) = -50*p - 1045. Calculate k(-21).
5
Let d(n) = -20*n - 65. Determine d(-6).
55
Let w(t) = t**3 + t**2 - t + 65. Give w(0).
65
Let p(t) = -5*t + 5. Determine p(5).
-20
Let c(q) = -3*q + 1. Determine c(5).
-14
Let m(v) = -3*v - 4. Calculate m(-11).
29
Let i(h) = 13*h + 3. Determine i(5).
68
Let r(o) = 4*o**2 - 3*o - 17. Give r(-5).
98
Let q(f) = f**2 - 6*f + 12. Determine q(6).
12
Let p(y) = 2*y - 6. Calculate p(5).
4
Let l(i) = -17*i + 47. What is l(2)?
13
Let u(m) = -2*m**2 + 3*m - 2. Give u(3).
-11
Let y(o) = 7*o + 162. Determine y(-25).
-13
Let u(m) = m**3 + 6*m**2 - 11*m - 83. Calculate u(-5).
-3
Let p(f) = 5*f**2 + 2*f + 3. What is p(-1)?
6
Let w(p) = 88*p + 1502. Calculate w(-17).
6
Let x(p) = 4*p + 3. What is x(-1)?
-1
Let j(z) = -z**3 - 3*z**2 + 18*z. Determine j(-6).
0
Let t(l) = -3*l**2 - 2*l + 3. Calculate t(-3).
-18
Let j(q) = q**3 - 12*q**2 + 12*q - 1. What is j(7)?
-162
Let q(j) = j**3 + 7*j**2 - 2*j - 5. Calculate q(-7).
9
Let n(u) = -4*u**2 + 4*u + 2. What is n(2)?
-6
Let s(t) = -t**2 + t + 25. Determine s(6).
-5
Let b(h) = h**2 + 16*h + 45. Determine b(-13).
6
Let h(v) = -v**2 + 23*v + 48. What is h(-2)?
-2
Let m(n) = n**2 - 20*n. What is m(18)?
-36
Let l(d) = d**2 - 26*d - 17. Calculate l(27).
10
Let h(o) = -3*o**2 - 9*o + 3. What is h(-7)?
-81
Let r(i) = -i**3 + 5*i**2 + 6*i + 8. What is r(7)?
-48
Let d(t) = t**2 - 52. What is d(0)?
-52
Let h(q) = -q**2 - 6*q + 15. What is h(-7)?
8
Let a(j) = -j - 5. Give a(-3).
-2
Let d(y) = 6*y + 4. What is d(-2)?
-8
Let h(u) = 2*u**2 - 9*u + 3. Give h(7).
38
Let z(s) = s**3 - 4*s**2 - 8*s - 3. Give z(6).
21
Let f(s) = 2*s - 4. Calculate f(-8).
-20
Let a(s) = 7*s + 2. Calculate a(-1).
-5
Let w(i) = i**3 - 7*i**2 - 3*i + 13. Determine w(7).
-8
Let m(n) = 2*n**2 - 4*n - 7. Determine m(5).
23
Let i(w) = -w**2 + 13*w + 3. Give i(16).
-45
Let a(u) = 2*u - 3. Calculate a(2).
1
Let w(h) = -4*h + 27. What is w(10)?
-13
Let a(h) = 2*h**2 + 8*h + 20. Determine a(-5).
30
Let l(w) = 6*w + 52. Give l(-6).
16
Let g(m) = -3*m - 25. What is g(-6)?
-7
Let c(w) = -2*w + 12. What is c(10)?
-8
Let p(d) = 18*d + 273. Give p(-15).
3
Let q(x) = x**3 - 3*x**2 - 3*x + 7. Calculate q(3).
-2
Let j(f) = -f**2 + 4*f + 6. What is j(5)?
1
Let a(p) = 2*p + 2. Give a(-6).
-10
Let k(j) = 10*j + 10. Determine k(-2).
-10
Le